329, 23687
What are the prime factors of 106388056?
2, 1321, 10067
List the prime factors of 180929828.
2, 5231, 8647
What are the prime factors of 440061888?
2, 3, 7, 19, 907
List the prime factors of 36927781.
11, 3357071
List the prime factors of 160221912.
2, 3, 6675913
What are the prime factors of 4147709404?
2, 41, 53, 139, 3433
What are the prime factors of 270888289?
7, 2287, 16921
What are the prime factors of 56219693?
109, 515777
What are the prime factors of 1140335229?
3, 11, 307, 112559
List the prime factors of 813153575.
5, 13, 2502011
What are the prime factors of 31118259?
3, 919, 11287
What are the prime factors of 1775158066?
2, 11, 727, 110989
What are the prime factors of 28077362?
2, 251, 55931
List the prime factors of 44002669.
47, 936227
What are the prime factors of 477968024?
2, 29, 71, 29017
What are the prime factors of 14963937?
3, 4987979
What are the prime factors of 898663683?
3, 299554561
What are the prime factors of 36362869?
1489, 24421
What are the prime factors of 45545957?
23, 41, 48299
List the prime factors of 18187305.
3, 5, 1212487
List the prime factors of 12592315.
5, 67, 37589
What are the prime factors of 114050780?
2, 5, 5702539
What are the prime factors of 305291472?
2, 3, 31, 199, 1031
What are the prime factors of 3139863827?
43, 73020089
What are the prime factors of 1512256700?
2, 5, 15122567
What are the prime factors of 269995857?
3, 103, 873773
List the prime factors of 33225254.
2, 16612627
What are the prime factors of 84546275?
5, 11, 23, 13367
List the prime factors of 7604935.
5, 13, 79, 1481
List the prime factors of 242676385.
5, 7, 1021, 6791
What are the prime factors of 7262365670?
2, 5, 7, 41, 2530441
What are the prime factors of 2407297518?
2, 3, 133738751
List the prime factors of 43647979.
43647979
List the prime factors of 159539555.
5, 7, 4558273
List the prime factors of 81017011.
179, 439, 1031
List the prime factors of 2362054860.
2, 3, 5, 11, 359, 3323
What are the prime factors of 127329312?
2, 3, 11, 120577
List the prime factors of 29514574.
2, 14757287
List the prime factors of 10531892.
2, 7, 227, 1657
What are the prime factors of 1962675685?
5, 83, 4729339
List the prime factors of 49055806.
2, 24527903
List the prime factors of 3860281146.
2, 3, 59, 157, 69457
What are the prime factors of 458328674?
2, 4007, 57191
What are the prime factors of 164691493?
29, 5679017
What are the prime factors of 1146019240?
2, 5, 2297, 12473
List the prime factors of 712453789.
712453789
List the prime factors of 4818402656.
2, 41, 3672563
What are the prime factors of 4676020161?
3, 59, 107, 246899
List the prime factors of 690163143.
3, 230054381
What are the prime factors of 1189967199?
3, 61, 6502553
List the prime factors of 153802862.
2, 151, 509281
List the prime factors of 1070860978.
2, 11, 61, 409, 1951
What are the prime factors of 44574315?
3, 5, 89, 173, 193
What are the prime factors of 184452183?
3, 739, 27733
What are the prime factors of 66545037?
3, 13, 43, 4409
List the prime factors of 334274.
2, 397, 421
List the prime factors of 4304158012.
2, 7, 11, 2237, 6247
What are the prime factors of 1444487904?
2, 3, 31, 17977
List the prime factors of 118888384.
2, 73, 25447
List the prime factors of 16498862.
2, 8249431
What are the prime factors of 297764947?
297764947
List the prime factors of 9077935.
5, 1815587
List the prime factors of 2929743364.
2, 732435841
List the prime factors of 27158218.
2, 257, 52837
List the prime factors of 27761923.
7, 71, 83, 673
What are the prime factors of 550434841?
11, 431, 116101
What are the prime factors of 307487359?
3389, 90731
What are the prime factors of 53770866?
2, 3, 8961811
What are the prime factors of 2729120117?
191, 1237, 11551
What are the prime factors of 612687953?
139, 4407827
List the prime factors of 630922320.
2, 3, 5, 7, 125183
List the prime factors of 34115446.
2, 599, 28477
List the prime factors of 53141523.
3, 23, 770167
What are the prime factors of 251965734?
2, 3, 233, 180233
What are the prime factors of 39352657?
773, 50909
What are the prime factors of 1289113883?
5099, 252817
List the prime factors of 60081351.
3, 11, 1820647
What are the prime factors of 346137370?
2, 5, 131, 2017
What are the prime factors of 1541292997?
23, 67012739
List the prime factors of 3513160.
2, 5, 7, 12547
List the prime factors of 6848436222.
2, 3, 67, 1892879
What are the prime factors of 283616072?
2, 211, 401, 419
What are the prime factors of 364137825?
3, 5, 53, 101, 907
List the prime factors of 30614518.
2, 11, 17, 23, 3559
What are the prime factors of 1624643267?
13, 17, 131, 3301
What are the prime factors of 97624451?
19, 919, 5591
List the prime factors of 1441784651.
199, 1753, 4133
What are the prime factors of 330232720?
2, 5, 89, 46381
List the prime factors of 1540182464.
2, 463, 51977
List the prime factors of 2172087916.
2, 373, 983, 1481
List the prime factors of 2303592954.
2, 3, 13, 41, 53, 13591
What are the prime factors of 556485547?
19, 461, 63533
List the prime factors of 34632968.
2, 79, 54799
List the prime factors of 3490762538.
2, 29, 1301, 46261
What are the prime factors of 687522024?
2, 3, 7, 17, 29, 2767
List the prime factors of 644393124.
2, 3, 47, 126949
What are the prime factors of 726757410?
2, 3, 5, 19, 821, 1553
List the prime factors of 81454915.
5, 67, 243149
List the prime factors of 27534858.
2, 3, 13, 353011
What are the prime factors of 95874593?
1301, 73693
What are the prime factors of 542209133?
41, 53, 249521
What are the prime factors of 358034581?
358034581
List the prime factors of 58035876.
2, 3, 73, 97, 683
What are the prime factors of 30883609?
59, 499, 1049
List the prime factors of 53725558.
2, 67, 71, 5647
List the prime factors of 91067530.
2, 5, 359, 25367
What are the prime factors of 197950407?
3, 31, 37, 57527
List the prime factors of 1152948509.
283, 4074023
List the prime factors of 2048266806.
2, 3, 239, 1428359
List the prime factors of 1523348110.
2, 5, 152334811
List the prime factors of 5735201712.
2, 3, 43, 107, 25969
What are the prime factors of 581200236?
2, 3, 16144451
List the prime factors of 988574687.
43, 73, 314933
List the prime factors of 89689906.
2, 457, 98129
List the prime factors of 7148490759.
3, 264758917
What are the prime factors of 3964273182?
2, 3, 4373, 50363
What are the prime factors of 1279931300?
2, 5, 12799313
List the prime factors of 59126759.
59126759
What are the prime factors of 3558852897?
3, 1186284299
List the prime factors of 868391562.
2, 3, 41, 359, 9833
List the prime factors of 276318281.
276318281
List the prime factors of 71829263.
11, 31, 210643
List the prime factors of 3152573890.
2, 5, 23, 13706843
What are the prime factors of 5021161006?
2, 3833, 654991
List the prime factors of 3603702597.
3, 11, 73, 127, 11779
List the prime factors of 115928803.
109, 677, 1571
List the prime factors of 3575212198.
2, 113, 15819523
What are the prime factors of 942565347?
3, 83, 1261801
List the prime factors of 341929813.
341929813
List the prime factors of 32184345.
3, 5, 29, 241, 307
List the prime factors of 227426854.
2, 113713427
List the prime factors of 70347738.
2, 3, 239, 49057
What are the prime factors of 717136003?
717136003
What are the prime factors of 77009775?
3, 5, 43, 23879
What are the prime factors of 1506227556?
2, 3, 619, 202777
List the prime factors of 266260271.
31, 8589041
List the prime factors of 412616999.
367, 1124297
What are the prime factors of 129968766?
2, 3, 71, 109, 311
What are the prime factors of 54648636?
2, 3, 7, 19, 97, 353
What are the prime factors of 195071506?
2, 7, 71, 443
What are the prime factors of 52984034?
2, 71, 373127
What are the prime factors of 678357619?
678357619
List the prime factors of 33969557.
2803, 12119
What are the prime factors of 391739409?
3, 59, 81971
What are the prime factors of 272750441?
8861, 30781
What are the prime factors of 103258734?
2, 3, 29, 53, 11197
What are the prime factors of 1086903753?
3, 13, 107, 260461
What are the prime factors of 755373880?
2, 5, 19, 993913
What are the prime factors of 149010001?
7, 21287143
What are the prime factors of 69856973?
317, 220369
What are the prime factors of 7530